it of i?
4
Let p(i) = 12*i - 5. Let r be p(5). Suppose s - r = -9. What is the tens digit of s?
4
Let l = -16 + 21. Suppose -q + 1 = -0, 5*q + 70 = l*f. What is the units digit of f?
5
Let m be (392/(-6))/((-4)/12). Suppose m = 4*j + 36. Suppose 5 = -5*b + j. What is the units digit of b?
7
Let v be (-1)/(2 - (5 - 2)). Suppose v = -r + 6. What is the units digit of r?
5
Let f(x) = -3*x - 4. Let s(k) = -k - 1. Let j(p) = -f(p) + 2*s(p). Suppose 0*g - 5*g = -4*w + 26, -3*w = -3*g - 21. What is the tens digit of j(w)?
1
Suppose 3*l + 0*w - 141 = -w, -188 = -4*l - 2*w. Let r = 69 - l. What is the units digit of r?
2
Suppose -f + 73 = s, 0*f + 2*s + 234 = 3*f. What is the tens digit of f?
7
Let b(w) = 9*w**3 - 2*w. Let f be b(2). What is the units digit of 5*(f/10)/1?
4
Suppose 0*i = 3*q - i - 76, 2*i = 10. What is the tens digit of q?
2
Suppose -614 = -2*y + 2*a, -y - a + 124 = -193. What is the units digit of y?
2
Let x = 166 + -84. Suppose -u = -5*f - 2, -2*f = -5*u - f + x. What is the tens digit of u?
1
Let s(z) = 2*z**2 + z - 9. Let v be s(-11). What is the tens digit of (-1)/(-7) + v/14?
1
Suppose 0*m - 4*b = m - 6, 2*b = m + 6. What is the tens digit of (3/m)/((-6)/88)?
2
Let q(n) = n**2 - 4*n - 8. Let m(w) = w - 2. Let l be m(8). Let a be q(l). Suppose 0*i - 68 = -a*i. What is the tens digit of i?
1
Suppose 3*d + 2*d - 5 = 0. Suppose -2*z - 12 = v + 3*v, 4*v + 12 = -3*z. Suppose 4*f + d + z = -3*q, -3*f = -3*q - 15. What is the units digit of f?
2
Let m(v) = v**2 + 4*v + 1. Let s = -3 + 1. Let u be m(s). What is the units digit of ((-5)/u)/((-4)/(-12))?
5
Suppose -1510 = -33*a + 28*a. What is the units digit of a?
2
Suppose -2*z - f + 27 = 0, -4*z + 0*z = -5*f - 75. Suppose -g - z = -4*g. What is the units digit of g?
5
Suppose 4 = -2*y + 4*y. Suppose -4*x + 0*b + 69 = -5*b, y*x + 4*b - 2 = 0. What is the units digit of x?
1
Let j be (-1)/(-2) + (-5)/(-2). Suppose m + 72 = j*m. Suppose 0 = 3*w + 3*o - 24, -3*w + m = -o - 2*o. What is the units digit of w?
0
Suppose 211 = 3*i - 176. What is the units digit of i?
9
Let b(n) = -n**3 + 7*n**2 - 7*n + 4. Let q(x) = -x**2 - 7*x - 8. Let l be q(-4). What is the tens digit of b(l)?
2
Suppose 0 = 3*b + 9*b - 2064. What is the tens digit of b?
7
Let l(q) = -3*q + 9. What is the units digit of l(-6)?
7
Let m be 112/18 + 6/(-27). Let k = m + -7. Let d = k - -5. What is the units digit of d?
4
Let c(g) = 24*g. Let d = -1 - -2. What is the tens digit of c(d)?
2
Suppose 0 = 9*i - 8*i - 3. Suppose 3*l - 42 = -6*q + q, -14 = -l - i*q. What is the units digit of l?
4
Suppose 0 = -3*d - 22 + 7, 0 = -2*c - 5*d + 31. What is the tens digit of c?
2
Suppose 97 - 21 = 4*y. What is the tens digit of y?
1
Let k(g) = -g**2 - 1. Let b be k(0). Let j = b + 3. Suppose -w = -5 + j. What is the units digit of w?
3
Suppose 0 = -2*p - t + 11, 11 = -3*p + 2*t + 2*t. Suppose -n + 0*q - 2*q = -3, 0 = p*q - 3. Suppose 5 + n = r. What is the units digit of r?
6
Let f(g) = -4*g. Let r be f(-1). Suppose -5*k + 1 + r = 0. What is the units digit of k?
1
Let i(t) = t**2 - 9*t - 10. Let l be i(11). Let r = 45 - l. Let b = -23 + r. What is the units digit of b?
0
Suppose -5*m = -n + 26, -2*n - 3*m + 122 = m. What is the units digit of n?
1
Let f = 47 - -57. What is the hundreds digit of f?
1
Let y be 3 - (-2 + 1 + -1). Suppose -60 - 40 = -y*o. What is the tens digit of o?
2
Suppose -3*d + 4 = -50. What is the units digit of d?
8
Let w = -7 + 14. What is the units digit of (w/2)/(1/2)?
7
Let s = 273 - 160. What is the hundreds digit of s?
1
Suppose 3*d - 42 + 18 = 0. Suppose d*h - 3*h = 105. What is the tens digit of h?
2
Let j(m) = -m - 5. Let c be j(-6). Let v(h) = -6*h + 3 - 2 + 10*h + 5*h. What is the tens digit of v(c)?
1
Let p be (4/8)/(2/160). Suppose 0 = 2*s - 4*s + p. What is the tens digit of s?
2
Suppose 4*n = -0*n + 8. Suppose n = g - 1. What is the units digit of g?
3
Let t = -165 + 290. Suppose 2*d + 3*d = -t. Let x = d - -37. What is the units digit of x?
2
Let b(s) = s. Let l(a) = -8*a + 1. Let r(k) = -2*b(k) - l(k). What is the units digit of r(2)?
1
Let u be 420/15 - (2 - 1). What is the tens digit of -1 + 2 + u + -1?
2
Let s be (-3)/12 + 9/4. What is the tens digit of 1/s - 125/(-10)?
1
Let f(n) = -n**3 + 6*n**2 - 2*n - 1. Let r be f(6). What is the units digit of 16/4*r/(-4)?
3
What is the units digit of 4/(((-8)/3)/(-4))?
6
Suppose 171 - 636 = -5*a. What is the tens digit of a?
9
Let p be (-40)/(-10) + 1*-3. Let o(i) = 19*i - 2. What is the tens digit of o(p)?
1
Let y = 31 + -13. What is the units digit of ((-8)/(-6) + -1)*y?
6
Suppose 1 + 0 = d + 3*h, d - h = 1. Suppose 5*i - 3*t - d = 0, 3*i - 7*t - 7 = -2*t. Let m(u) = 7*u**2 - u - 1. What is the units digit of m(i)?
7
Let l = 1 - 0. What is the units digit of (l/3)/((-5)/(-135))?
9
Let n be 57/19 + 2 + -1. Let q = -257 + 416. What is the units digit of n/(-6) - q/(-9)?
7
Let p(t) = t**3 + 5*t**2 - t - 3. Let z be p(-5). Suppose 2*f + z*f = -12. What is the units digit of (-122)/(-8) + f/12?
5
Suppose 2*k + 6 = 14. Suppose -5*b + 30 = -t - 12, k*t + 8 = 0. What is the units digit of b?
8
Let l(b) = -7*b - 3. Let g = 12 - 8. Suppose 0 = -g*x - 12, -5*a - x = -3*a + 7. What is the units digit of l(a)?
1
Suppose -3*v = 3*t - 15, -4*t + 0*v + 26 = -2*v. Let f be (0/(-2) - 5)*-2. What is the units digit of (36/f)/(t/20)?
2
Suppose -484 = -10*x + 6*x. What is the units digit of x?
1
Let k(g) = 4*g**2 - 12*g. What is the tens digit of k(-4)?
1
Let o(n) = -n**3 - 4*n**2 + 7*n + 2. Let a be o(-5). Let z = 3 - a. What is the tens digit of z?
1
Suppose -4*x = -13*x + 774. What is the tens digit of x?
8
Let o = 235 + -142. What is the units digit of o?
3
Let c be -5 + 3 + (7 - 1). Let d = c + 1. What is the units digit of d?
5
Suppose 0 = -4*i - 34 - 10. Let l = 2 - i. What is the tens digit of l?
1
Suppose 3*n = -n + 16. Let q be (-3)/2*252/(-9). Suppose q = n*a - a. What is the units digit of a?
4
Suppose 4*a - 24 = -2*v, -2*a = -10*v + 5*v. Suppose 0 = 5*d - 7 - 13. Suppose -v*z - j + 4 = -8, -d*z - j = -22. What is the units digit of z?
5
Let y = 3 - -2. Suppose 0 = -0*v - y*v + 155. Suppose -5*f = -v + 6. What is the units digit of f?
5
Suppose -w - 2*q + 235 = -45, -5*w - 3*q = -1372. What is the hundreds digit of w?
2
Suppose 3*u = -3*d + 5 - 2, -u - 2*d + 2 = 0. Suppose u = -4*i + 7 + 61. What is the tens digit of i?
1
Let j = 616 - 358. What is the tens digit of j?
5
Let n(z) = z**3 + 3*z**2 - 3*z - 3. Let m be n(-4). Let o(r) = r**2 + 5*r - 1. What is the tens digit of o(m)?
1
Let a = 12 - 7. Suppose -a*v - 4*s + 109 = 0, -3*s + 13 + 74 = 4*v. What is the units digit of v?
1
Let v(g) = -g**3 - 2*g**2 + 5*g - 3. Let b be v(-4). Suppose -5*d + 4*k - 46 = 0, -3*d + 6*d - 5*k + 38 = 0. Let c = d + b. What is the units digit of c?
3
What is the tens digit of ((-12)/10)/(5/(-125))?
3
Let c = 130 + -74. What is the units digit of c?
6
Let y(v) = -v**2 - 4*v. Suppose 5*z + 18 = 5*p - 12, z - 2*p = -10. What is the units digit of y(z)?
4
Let t(s) = s**2 + 7*s + 13. What is the tens digit of t(-9)?
3
Let n = -34 - -49. Suppose -4*q - 40 = -4*i, 7*q + n = 4*q. Suppose 2*k - 4*f = 28, 2*k = i*k + 3*f - 15. What is the units digit of k?
8
Let q(j) be the second derivative of j**4/6 + 2*j**3/3 + j**2 + 2*j. What is the units digit of q(-3)?
8
Suppose 3*c - 12 = 0, 0*s + 4*s + c = 28. Let p(d) = -d**2 + 9*d - 5. Let x be p(s). Suppose -4*w + x = -3. What is the units digit of w?
4
Let y(h) = -h + 1. Let g be y(5). Let j be (-69)/(-15) + g/(-10). Let o(b) = 2*b - 6. What is the units digit of o(j)?
4
Let m(f) = f + 4. Let w be m(-2). What is the units digit of 7 - w - (0 - 1)?
6
Suppose 4*y + y + 4*g - 297 = 0, 180 = 3*y + 3*g. Suppose -17 = 4*x - y. What is the units digit of x?
0
Let j(r) = -2 + 3 - r - 2*r - 4*r. What is the tens digit of j(-3)?
2
Suppose -6 = -2*y, -184 = 5*n + 3*y - 508. What is the tens digit of n?
6
Suppose 2*k - 292 - 56 = -2*o, -4*o + 2*k + 678 = 0. What is the units digit of o?
1
Let o = 24 + -16. What is the units digit of o?
8
Let z be -54*(-1 - 12/(-8)). Let f = -15 - z. What is the tens digit of f?
1
Let a(y) = y**2 + 5*y - 5. Let b be a(-6). Let s(m) = b - 4*m + 3*m + 0. What is the units digit of s(-5)?
6
Let s = 11 - 6. Suppose -11 - 14 = -